e factors of 551006034?
2, 3, 179, 513041
What are the prime factors of 320066160?
2, 3, 5, 23, 2521
List the prime factors of 49116931.
317, 154943
What are the prime factors of 160020113?
11, 14547283
What are the prime factors of 513330354?
2, 3, 2083, 13691
What are the prime factors of 66915674?
2, 7, 661, 1033
List the prime factors of 100865385.
3, 5, 211, 3541
What are the prime factors of 24886186?
2, 13, 957161
What are the prime factors of 48196357?
11, 83, 4799
List the prime factors of 954921301.
25013, 38177
List the prime factors of 9409454950.
2, 5, 7, 17, 1581421
What are the prime factors of 155065504?
2, 11, 440527
List the prime factors of 1371844838.
2, 7, 13, 131, 163, 353
List the prime factors of 771369524.
2, 19, 10149599
What are the prime factors of 509050616?
2, 63631327
List the prime factors of 41297752.
2, 5162219
What are the prime factors of 108056577?
3, 36018859
List the prime factors of 137004040.
2, 5, 3425101
What are the prime factors of 16209443?
3119, 5197
List the prime factors of 1569091587.
3, 7, 74718647
What are the prime factors of 3076095913?
11, 97, 613, 4703
List the prime factors of 121321249.
7, 1237, 14011
List the prime factors of 112729404.
2, 3, 599, 15683
What are the prime factors of 2418072062?
2, 7, 43, 4016731
List the prime factors of 53477819.
53477819
What are the prime factors of 107486307?
3, 181, 65983
List the prime factors of 107327564.
2, 26831891
List the prime factors of 170327576.
2, 37, 575431
What are the prime factors of 1242723987?
3, 17, 167, 2861
What are the prime factors of 62273872?
2, 47, 82811
List the prime factors of 67036218.
2, 3, 19, 588037
What are the prime factors of 519874223?
11, 47261293
List the prime factors of 2863796138.
2, 7, 103, 1985989
List the prime factors of 29081468.
2, 13, 559259
What are the prime factors of 988573160?
2, 5, 83, 131, 2273
What are the prime factors of 2300583928?
2, 37, 2521, 3083
List the prime factors of 243746890.
2, 5, 109, 223621
What are the prime factors of 2399480105?
5, 11, 41, 607, 1753
What are the prime factors of 402595096?
2, 467, 107761
List the prime factors of 337330468.
2, 31, 47, 57881
What are the prime factors of 15193724?
2, 7, 13, 67, 89
What are the prime factors of 1306947654?
2, 3, 643, 112921
What are the prime factors of 2950013695?
5, 23, 25652293
List the prime factors of 69451424.
2, 7, 44293
List the prime factors of 908043990.
2, 3, 5, 7, 617717
What are the prime factors of 7674184956?
2, 3, 787, 812599
List the prime factors of 479695350.
2, 3, 5, 389, 8221
What are the prime factors of 1940123216?
2, 113, 1073077
What are the prime factors of 30493654?
2, 1723, 8849
List the prime factors of 1698726095.
5, 11, 30885929
What are the prime factors of 903004009?
151, 619, 9661
What are the prime factors of 754317455?
5, 17, 30707
List the prime factors of 38558369.
149, 251, 1031
What are the prime factors of 84502842?
2, 3, 19, 741253
List the prime factors of 639435184.
2, 37, 61, 17707
List the prime factors of 83187512.
2, 971, 10709
What are the prime factors of 391207101?
3, 3259, 40013
What are the prime factors of 430512153?
3, 8431, 17021
List the prime factors of 2782649324.
2, 7, 13, 71, 107671
List the prime factors of 191571696.
2, 3, 443453
List the prime factors of 88798519.
7109, 12491
List the prime factors of 127948844.
2, 31987211
List the prime factors of 19832986.
2, 109, 90977
What are the prime factors of 11657434?
2, 163, 35759
List the prime factors of 1018140611.
1018140611
List the prime factors of 1106490453.
3, 89, 4144159
What are the prime factors of 443392496?
2, 27712031
List the prime factors of 19474756.
2, 7, 67, 1483
List the prime factors of 641332425.
3, 5, 8551099
What are the prime factors of 813102945?
3, 5, 17, 53, 3539
What are the prime factors of 15976349?
43, 71, 5233
List the prime factors of 3542352012.
2, 3, 89, 1105603
What are the prime factors of 524573801?
1579, 332219
What are the prime factors of 728141505?
3, 5, 7, 13, 103, 5179
What are the prime factors of 178949241?
3, 1511, 13159
List the prime factors of 56776654.
2, 11, 2580757
What are the prime factors of 2154589341?
3, 19, 89, 227, 1871
List the prime factors of 108667292.
2, 29, 32303
List the prime factors of 814494769.
11, 17, 256211
What are the prime factors of 763349649?
3, 254449883
What are the prime factors of 316229679?
3, 41, 337, 2543
List the prime factors of 317679264.
2, 3, 7, 157579
What are the prime factors of 3861667289?
29, 1871, 71171
What are the prime factors of 34064838?
2, 3, 17, 111323
List the prime factors of 101067763.
367, 275389
What are the prime factors of 53437128?
2, 3, 2226547
List the prime factors of 377926714.
2, 11, 17178487
What are the prime factors of 380968876?
2, 53, 193, 9311
What are the prime factors of 327456727?
13, 23, 1095173
List the prime factors of 56780639.
443, 128173
List the prime factors of 666267786.
2, 3, 37014877
What are the prime factors of 643998578?
2, 19, 223, 75997
List the prime factors of 2521699879.
17, 53, 197, 14207
What are the prime factors of 43265660?
2, 5, 19, 41, 2777
What are the prime factors of 261946737?
3, 13, 746287
What are the prime factors of 84933205?
5, 7, 1361, 1783
List the prime factors of 3133269706.
2, 7, 281, 796459
List the prime factors of 701658619.
19, 31, 821, 1451
List the prime factors of 3533317530.
2, 3, 5, 73, 167, 9661
List the prime factors of 3904911523.
61, 593, 107951
List the prime factors of 268714895.
5, 197, 272807
List the prime factors of 84638838.
2, 3, 131, 257, 419
List the prime factors of 2561165133.
3, 853721711
What are the prime factors of 2030385700?
2, 5, 7, 29, 100019
What are the prime factors of 185980654?
2, 29, 3206563
What are the prime factors of 57290511?
3, 31, 616027
List the prime factors of 643629181.
13, 103, 233, 2063
List the prime factors of 1778675907.
3, 2269, 261301
List the prime factors of 242400674.
2, 59, 71, 28933
List the prime factors of 7752961.
7752961
What are the prime factors of 11841980?
2, 5, 592099
What are the prime factors of 73040945?
5, 877, 16657
What are the prime factors of 182600622?
2, 3, 3381493
What are the prime factors of 750614312?
2, 7, 13403827
What are the prime factors of 290360194?
2, 145180097
List the prime factors of 2470045380.
2, 3, 5, 11, 3742493
What are the prime factors of 278265866?
2, 139132933
What are the prime factors of 2206644738?
2, 3, 139, 523, 5059
What are the prime factors of 807130936?
2, 599, 168433
List the prime factors of 1066826854.
2, 533413427
What are the prime factors of 236418199?
236418199
List the prime factors of 35066811.
3, 13, 899149
What are the prime factors of 261354228?
2, 3, 21779519
List the prime factors of 331576364.
2, 7, 17, 103, 6763
What are the prime factors of 9527997?
3, 1069, 2971
What are the prime factors of 360203437?
11, 23, 59, 409
List the prime factors of 2952264512.
2, 53, 137, 6353
What are the prime factors of 453235232?
2, 17, 49009
What are the prime factors of 695980113?
3, 231993371
List the prime factors of 63645410.
2, 5, 6364541
List the prime factors of 294176207.
13, 22628939
What are the prime factors of 1616182337?
7, 11, 2998483
What are the prime factors of 93716798?
2, 7, 1427, 4691
List the prime factors of 69254546.
2, 34627273
List the prime factors of 4433292486.
2, 3, 7, 61, 7121
List the prime factors of 71788616.
2, 8973577
What are the prime factors of 1166745269?
227, 1933, 2659
List the prime factors of 1598269.
97, 16477
List the prime factors of 74636044.
2, 7, 739, 3607
List the prime factors of 1008973407.
3, 13, 23, 1124831
What are the prime factors of 1773218412?
2, 3, 7, 557, 4211
What are the prime factors of 275718719?
61, 4519979
What are the prime factors of 111291452?
2, 17, 1069, 1531
What are the prime factors of 254673140?
2, 5, 41, 310577
What are the prime factors of 1137089748?
2, 3, 94757479
What are the prime factors of 196253262?
2, 3, 10902959
What are the prime factors of 269760567?
3, 59, 1524071
List the prime factors of 1358124885.
3, 5, 13, 1229, 1889
List the prime factors of 2178071.
7, 311153
What are the prime factors of 6604188453?
3, 617, 1189301
What are the prime facto